{"id":603,"date":"2023-06-02T13:01:35","date_gmt":"2023-06-02T13:01:35","guid":{"rendered":"http:\/\/visiopharm.local\/?page_id=603"},"modified":"2023-06-20T17:39:52","modified_gmt":"2023-06-20T15:39:52","slug":"faq","status":"publish","type":"page","link":"https:\/\/www.visiopharm.fr\/logiciel-pharmacie\/faq\/","title":{"rendered":"FAQ"},"content":{"rendered":"\n<p><\/p>\n\n\n\n<div class=\"wp-block-cover hero-img has-x-large-font-size\"><span aria-hidden=\"true\" class=\"wp-block-cover__background has-background-dim\"><\/span><img loading=\"lazy\" decoding=\"async\" width=\"1920\" height=\"2014\" class=\"wp-block-cover__image-background wp-image-1251\" alt=\"\" src=\"https:\/\/www.visiopharm.fr\/logiciel-pharmacie\/wp-content\/uploads\/2023\/06\/contact-bg.png\" data-object-fit=\"cover\" srcset=\"https:\/\/www.visiopharm.fr\/logiciel-pharmacie\/wp-content\/uploads\/2023\/06\/contact-bg.png 1920w, https:\/\/www.visiopharm.fr\/logiciel-pharmacie\/wp-content\/uploads\/2023\/06\/contact-bg-286x300.png 286w, https:\/\/www.visiopharm.fr\/logiciel-pharmacie\/wp-content\/uploads\/2023\/06\/contact-bg-976x1024.png 976w, https:\/\/www.visiopharm.fr\/logiciel-pharmacie\/wp-content\/uploads\/2023\/06\/contact-bg-768x806.png 768w, https:\/\/www.visiopharm.fr\/logiciel-pharmacie\/wp-content\/uploads\/2023\/06\/contact-bg-1464x1536.png 1464w\" sizes=\"auto, (max-width: 1920px) 100vw, 1920px\" \/><div class=\"wp-block-cover__inner-container is-layout-flow wp-block-cover-is-layout-flow\">\n<p class=\"has-text-align-center hero-title has-x-large-font-size\" style=\"text-transform:uppercase\"><strong>Foire aux questions<\/strong><\/p>\n<\/div><\/div>\n\n\n\n<div class=\"inherit-container-width wp-block-group faq-wrapper is-layout-constrained wp-block-group-is-layout-constrained\" style=\"margin-top:var(--wp--preset--spacing--60)\"><style>#sp-ea-595 .spcollapsing { height: 0; overflow: hidden; transition-property: height;transition-duration: 300ms;}#sp-ea-595.sp-easy-accordion>.sp-ea-single {margin-bottom: 10px; border: 1px solid #e2e2e2; }#sp-ea-595.sp-easy-accordion>.sp-ea-single>.ea-header a {color: #444;}#sp-ea-595.sp-easy-accordion>.sp-ea-single>.sp-collapse>.ea-body {background: #fff; color: #444;}#sp-ea-595.sp-easy-accordion>.sp-ea-single {background: #eee;}#sp-ea-595.sp-easy-accordion>.sp-ea-single>.ea-header a .ea-expand-icon { float: right; color: #444;font-size: 16px;}#sp-ea-595.sp-easy-accordion>.sp-ea-single>.ea-header a .ea-expand-icon {margin-right: 0;}<\/style><div id=\"sp_easy_accordion-1687165067\"><div id=\"sp-ea-595\" class=\"sp-ea-one sp-easy-accordion\" data-ea-active=\"ea-click\" data-ea-mode=\"vertical\" data-preloader=\"\" data-scroll-active-item=\"\" data-offset-to-scroll=\"0\"><div class=\"ea-card sp-ea-single\"><h3 class=\"ea-header\"><a class=\"collapsed\" id=\"ea-header-5950\" role=\"button\" data-sptoggle=\"spcollapse\" data-sptarget=\"#collapse5950\" aria-controls=\"collapse5950\" href=\"#\" aria-expanded=\"false\" tabindex=\"0\"><i aria-hidden=\"true\" role=\"presentation\" class=\"ea-expand-icon eap-icon-ea-expand-plus\"><\/i> Si je change de logiciel, est-ce que je perds mes donn\u00e9es ?<\/a><\/h3><div class=\"sp-collapse spcollapse spcollapse\" id=\"collapse5950\" data-parent=\"#sp-ea-595\" role=\"region\" aria-labelledby=\"ea-header-5950\"> <div class=\"ea-body\"><p>Notre \u00e9quipe effectuera soigneusement la r\u00e9cup\u00e9ration de vos donn\u00e9es avant l'utilisation et les int\u00e9grera dans VisioPharm, sans aucune manipulation de votre part.<\/p><\/div><\/div><\/div><div class=\"ea-card sp-ea-single\"><h3 class=\"ea-header\"><a class=\"collapsed\" id=\"ea-header-5951\" role=\"button\" data-sptoggle=\"spcollapse\" data-sptarget=\"#collapse5951\" aria-controls=\"collapse5951\" href=\"#\" aria-expanded=\"false\" tabindex=\"0\"><i aria-hidden=\"true\" role=\"presentation\" class=\"ea-expand-icon eap-icon-ea-expand-plus\"><\/i> Je souhaite changer de logiciel mais je ne peux pas me permettre une interruption informatique, quelles solutions ?<\/a><\/h3><div class=\"sp-collapse spcollapse spcollapse\" id=\"collapse5951\" data-parent=\"#sp-ea-595\" role=\"region\" aria-labelledby=\"ea-header-5951\"> <div class=\"ea-body\"><p>L'installation du logiciel se fait en dehors des horaires d'ouverture de votre officine pour ne pas bousculer votre activit\u00e9. Une pr\u00e9-formation est propos\u00e9e quelques jours avant afin de vous familiariser avec notre solution et de vous garantir un d\u00e9marrage plus serein et sans stress.<\/p><\/div><\/div><\/div><div class=\"ea-card sp-ea-single\"><h3 class=\"ea-header\"><a class=\"collapsed\" id=\"ea-header-5952\" role=\"button\" data-sptoggle=\"spcollapse\" data-sptarget=\"#collapse5952\" aria-controls=\"collapse5952\" href=\"#\" aria-expanded=\"false\" tabindex=\"0\"><i aria-hidden=\"true\" role=\"presentation\" class=\"ea-expand-icon eap-icon-ea-expand-plus\"><\/i> Qu'en est-il des sauvegardes et de la s\u00e9curit\u00e9 avec le logiciel VisioPharm?<\/a><\/h3><div class=\"sp-collapse spcollapse spcollapse\" id=\"collapse5952\" data-parent=\"#sp-ea-595\" role=\"region\" aria-labelledby=\"ea-header-5952\"> <div class=\"ea-body\"><p>VisioPharm offre \u00e0 ses utilisateurs les meilleures solutions disponibles sur le march\u00e9 : disque dur externe, NAS, cl\u00e9 de stockage USB. Les sauvegardes sont programm\u00e9es plusieurs fois dans la journ\u00e9e en situation de travail sans interruption et en quelques minutes. En cas de dysfonctionnement, VisioPharm vous garanti un red\u00e9marrage en dix minutes, de plus les utilisateurs de VisioPharm restent propri\u00e9taires de leurs donn\u00e9es.<\/p><\/div><\/div><\/div><div class=\"ea-card sp-ea-single\"><h3 class=\"ea-header\"><a class=\"collapsed\" id=\"ea-header-5953\" role=\"button\" data-sptoggle=\"spcollapse\" data-sptarget=\"#collapse5953\" aria-controls=\"collapse5953\" href=\"#\" aria-expanded=\"false\" tabindex=\"0\"><i aria-hidden=\"true\" role=\"presentation\" class=\"ea-expand-icon eap-icon-ea-expand-plus\"><\/i> Comment exporter mes donn\u00e9es ?<\/a><\/h3><div class=\"sp-collapse spcollapse spcollapse\" id=\"collapse5953\" data-parent=\"#sp-ea-595\" role=\"region\" aria-labelledby=\"ea-header-5953\"> <div class=\"ea-body\"><p>VisioPharm int\u00e8gre une base de donn\u00e9es SQL permettant d'ex\u00e9cuter toutes les requ\u00eates depuis le logiciel.<\/p><\/div><\/div><\/div><div class=\"ea-card sp-ea-single\"><h3 class=\"ea-header\"><a class=\"collapsed\" id=\"ea-header-5954\" role=\"button\" data-sptoggle=\"spcollapse\" data-sptarget=\"#collapse5954\" aria-controls=\"collapse5954\" href=\"#\" aria-expanded=\"false\" tabindex=\"0\"><i aria-hidden=\"true\" role=\"presentation\" class=\"ea-expand-icon eap-icon-ea-expand-plus\"><\/i> Comment connecter mon site internet et le logiciel VisioPharm ?<\/a><\/h3><div class=\"sp-collapse spcollapse spcollapse\" id=\"collapse5954\" data-parent=\"#sp-ea-595\" role=\"region\" aria-labelledby=\"ea-header-5954\"> <div class=\"ea-body\"><p>Depuis VisioPharm, il est possible d'exporter automatiquement toutes les donn\u00e9es n\u00e9cessaires au bon fonctionnement de son site internet. Gr\u00e2ce \u00e0 cet outil, votre site internet sera perp\u00e9tuellement \u00e0 jour.<\/p><\/div><\/div><\/div><div class=\"ea-card sp-ea-single\"><h3 class=\"ea-header\"><a class=\"collapsed\" id=\"ea-header-5955\" role=\"button\" data-sptoggle=\"spcollapse\" data-sptarget=\"#collapse5955\" aria-controls=\"collapse5955\" href=\"#\" aria-expanded=\"false\" tabindex=\"0\"><i aria-hidden=\"true\" role=\"presentation\" class=\"ea-expand-icon eap-icon-ea-expand-plus\"><\/i> J'ai un robot et\/ou un automate dans ma pharmacie, est-ce que le logiciel VisioPharm est compatible ?<\/a><\/h3><div class=\"sp-collapse spcollapse spcollapse\" id=\"collapse5955\" data-parent=\"#sp-ea-595\" role=\"region\" aria-labelledby=\"ea-header-5955\"> <div class=\"ea-body\"><p>VisioPharm poss\u00e8de depuis quelques ann\u00e9es une interface de pilotage des automates et robots de d\u00e9livrance. Ce module de pilotage est conforme \u00e0 la norme CD-API, norme qui d\u00e9finit le syst\u00e8me d'information entre le robot et le logiciel VisioPharm. VisioPharm int\u00e8gre \u00e9galement une interface de pilotage des robots PDA afin d'\u00e9viter les doubles saisies facturation\/posologie et limiter les erreurs de saisies entre le logiciel m\u00e9tier et le planificateur.<\/p><\/div><\/div><\/div><div class=\"ea-card sp-ea-single\"><h3 class=\"ea-header\"><a class=\"collapsed\" id=\"ea-header-5956\" role=\"button\" data-sptoggle=\"spcollapse\" data-sptarget=\"#collapse5956\" aria-controls=\"collapse5956\" href=\"#\" aria-expanded=\"false\" tabindex=\"0\"><i aria-hidden=\"true\" role=\"presentation\" class=\"ea-expand-icon eap-icon-ea-expand-plus\"><\/i> Comment obtenir davantages d'informations sur notre logiciel VisioPharm ?<\/a><\/h3><div class=\"sp-collapse spcollapse spcollapse\" id=\"collapse5956\" data-parent=\"#sp-ea-595\" role=\"region\" aria-labelledby=\"ea-header-5956\"> <div class=\"ea-body\"><p>Vous pouvez nous contacter via ce <a href=\"https:\/\/www.visiopharm.fr\/logiciel-pharmacie\/contact\/\"><strong><span style=\"color: #339966\">formulaire de demande<\/span><\/strong>.<\/a><\/p><\/div><\/div><\/div><\/div><\/div>\n<\/div>\n\n\n\n<div class=\"wp-block-group is-vertical is-content-justification-center is-layout-flex wp-container-core-group-is-layout-907cc4a9 wp-block-group-is-layout-flex\" style=\"margin-top:var(--wp--preset--spacing--60);margin-bottom:var(--wp--preset--spacing--80)\">\n<h2 class=\"wp-block-heading has-text-align-center has-x-large-font-size\" style=\"text-transform:uppercase\">Vous avez d\u2019autres questions ?<\/h2>\n\n\n\n<div class=\"wp-block-buttons is-layout-flex wp-block-buttons-is-layout-flex\">\n<div class=\"wp-block-button btn\"><a class=\"wp-block-button__link wp-element-button\" href=\"https:\/\/www.visiopharm.fr\/logiciel-pharmacie\/contact\/\">Contactez-nous<\/a><\/div>\n<\/div>\n<\/div>\n","protected":false},"excerpt":{"rendered":"<p>Vous avez d\u2019autres questions ?<\/p>\n","protected":false},"author":2,"featured_media":0,"parent":0,"menu_order":7,"comment_status":"closed","ping_status":"closed","template":"faq.php","meta":{"site-sidebar-layout":"default","site-content-layout":"","ast-site-content-layout":"","site-content-style":"default","site-sidebar-style":"default","ast-global-header-display":"","ast-banner-title-visibility":"","ast-main-header-display":"","ast-hfb-above-header-display":"","ast-hfb-below-header-display":"","ast-hfb-mobile-header-display":"","site-post-title":"disabled","ast-breadcrumbs-content":"","ast-featured-img":"","footer-sml-layout":"","theme-transparent-header-meta":"","adv-header-id-meta":"","stick-header-meta":"","header-above-stick-meta":"","header-main-stick-meta":"","header-below-stick-meta":"","astra-migrate-meta-layouts":"default","ast-page-background-enabled":"default","ast-page-background-meta":{"desktop":{"background-color":"var(--ast-global-color-4)","background-image":"","background-repeat":"repeat","background-position":"center center","background-size":"auto","background-attachment":"scroll","background-type":"","background-media":"","overlay-type":"","overlay-color":"","overlay-opacity":"","overlay-gradient":""},"tablet":{"background-color":"","background-image":"","background-repeat":"repeat","background-position":"center center","background-size":"auto","background-attachment":"scroll","background-type":"","background-media":"","overlay-type":"","overlay-color":"","overlay-opacity":"","overlay-gradient":""},"mobile":{"background-color":"","background-image":"","background-repeat":"repeat","background-position":"center center","background-size":"auto","background-attachment":"scroll","background-type":"","background-media":"","overlay-type":"","overlay-color":"","overlay-opacity":"","overlay-gradient":""}},"ast-content-background-meta":{"desktop":{"background-color":"var(--ast-global-color-5)","background-image":"","background-repeat":"repeat","background-position":"center center","background-size":"auto","background-attachment":"scroll","background-type":"","background-media":"","overlay-type":"","overlay-color":"","overlay-opacity":"","overlay-gradient":""},"tablet":{"background-color":"var(--ast-global-color-5)","background-image":"","background-repeat":"repeat","background-position":"center center","background-size":"auto","background-attachment":"scroll","background-type":"","background-media":"","overlay-type":"","overlay-color":"","overlay-opacity":"","overlay-gradient":""},"mobile":{"background-color":"var(--ast-global-color-5)","background-image":"","background-repeat":"repeat","background-position":"center center","background-size":"auto","background-attachment":"scroll","background-type":"","background-media":"","overlay-type":"","overlay-color":"","overlay-opacity":"","overlay-gradient":""}},"footnotes":""},"class_list":["post-603","page","type-page","status-publish","hentry"],"yoast_head":"<!-- This site is optimized with the Yoast SEO plugin v27.1.1 - https:\/\/yoast.com\/product\/yoast-seo-wordpress\/ -->\n<title>FAQ | Visiopharm<\/title>\n<meta name=\"description\" content=\"Vous recherchez une information ? Les questions les plus fr\u00e9quemment pos\u00e9es sont recens\u00e9es dans notre FAQ.\" \/>\n<meta name=\"robots\" content=\"index, follow, max-snippet:-1, max-image-preview:large, max-video-preview:-1\" \/>\n<link rel=\"canonical\" href=\"https:\/\/www.visiopharm.fr\/logiciel-pharmacie\/faq\/\" \/>\n<meta property=\"og:locale\" content=\"fr_FR\" \/>\n<meta property=\"og:type\" content=\"article\" \/>\n<meta property=\"og:title\" content=\"FAQ | Visiopharm\" \/>\n<meta property=\"og:description\" content=\"Vous recherchez une information ? Les questions les plus fr\u00e9quemment pos\u00e9es sont recens\u00e9es dans notre FAQ.\" \/>\n<meta property=\"og:url\" content=\"https:\/\/www.visiopharm.fr\/logiciel-pharmacie\/faq\/\" \/>\n<meta property=\"og:site_name\" content=\"Visiopharm\" \/>\n<meta property=\"article:publisher\" content=\"https:\/\/www.facebook.com\/VisioPharm-282872765161490\/\" \/>\n<meta property=\"article:modified_time\" content=\"2023-06-20T15:39:52+00:00\" \/>\n<meta property=\"og:image\" content=\"http:\/\/www.visiopharm.fr\/logiciel-pharmacie\/wp-content\/uploads\/2023\/06\/contact-bg.png\" \/>\n<meta name=\"twitter:card\" content=\"summary_large_image\" \/>\n<meta name=\"twitter:label1\" content=\"Dur\u00e9e de lecture estim\u00e9e\" \/>\n\t<meta name=\"twitter:data1\" content=\"1 minute\" \/>\n<script type=\"application\/ld+json\" class=\"yoast-schema-graph\">{\"@context\":\"https:\/\/schema.org\",\"@graph\":[{\"@type\":\"WebPage\",\"@id\":\"https:\/\/www.visiopharm.fr\/logiciel-pharmacie\/faq\/\",\"url\":\"https:\/\/www.visiopharm.fr\/logiciel-pharmacie\/faq\/\",\"name\":\"FAQ | Visiopharm\",\"isPartOf\":{\"@id\":\"https:\/\/www.visiopharm.fr\/logiciel-pharmacie\/#website\"},\"primaryImageOfPage\":{\"@id\":\"https:\/\/www.visiopharm.fr\/logiciel-pharmacie\/faq\/#primaryimage\"},\"image\":{\"@id\":\"https:\/\/www.visiopharm.fr\/logiciel-pharmacie\/faq\/#primaryimage\"},\"thumbnailUrl\":\"http:\/\/www.visiopharm.fr\/logiciel-pharmacie\/wp-content\/uploads\/2023\/06\/contact-bg.png\",\"datePublished\":\"2023-06-02T13:01:35+00:00\",\"dateModified\":\"2023-06-20T15:39:52+00:00\",\"description\":\"Vous recherchez une information ? Les questions les plus fr\u00e9quemment pos\u00e9es sont recens\u00e9es dans notre FAQ.\",\"breadcrumb\":{\"@id\":\"https:\/\/www.visiopharm.fr\/logiciel-pharmacie\/faq\/#breadcrumb\"},\"inLanguage\":\"fr-FR\",\"potentialAction\":[{\"@type\":\"ReadAction\",\"target\":[\"https:\/\/www.visiopharm.fr\/logiciel-pharmacie\/faq\/\"]}]},{\"@type\":\"ImageObject\",\"inLanguage\":\"fr-FR\",\"@id\":\"https:\/\/www.visiopharm.fr\/logiciel-pharmacie\/faq\/#primaryimage\",\"url\":\"http:\/\/www.visiopharm.fr\/logiciel-pharmacie\/wp-content\/uploads\/2023\/06\/contact-bg.png\",\"contentUrl\":\"http:\/\/www.visiopharm.fr\/logiciel-pharmacie\/wp-content\/uploads\/2023\/06\/contact-bg.png\"},{\"@type\":\"BreadcrumbList\",\"@id\":\"https:\/\/www.visiopharm.fr\/logiciel-pharmacie\/faq\/#breadcrumb\",\"itemListElement\":[{\"@type\":\"ListItem\",\"position\":1,\"name\":\"Accueil\",\"item\":\"https:\/\/www.visiopharm.fr\/logiciel-pharmacie\/\"},{\"@type\":\"ListItem\",\"position\":2,\"name\":\"FAQ\"}]},{\"@type\":\"WebSite\",\"@id\":\"https:\/\/www.visiopharm.fr\/logiciel-pharmacie\/#website\",\"url\":\"https:\/\/www.visiopharm.fr\/logiciel-pharmacie\/\",\"name\":\"Visiopharm\",\"description\":\"La gestion de la pharmacie \u00e0 port\u00e9e de clic.\",\"publisher\":{\"@id\":\"https:\/\/www.visiopharm.fr\/logiciel-pharmacie\/#organization\"},\"potentialAction\":[{\"@type\":\"SearchAction\",\"target\":{\"@type\":\"EntryPoint\",\"urlTemplate\":\"https:\/\/www.visiopharm.fr\/logiciel-pharmacie\/?s={search_term_string}\"},\"query-input\":{\"@type\":\"PropertyValueSpecification\",\"valueRequired\":true,\"valueName\":\"search_term_string\"}}],\"inLanguage\":\"fr-FR\"},{\"@type\":\"Organization\",\"@id\":\"https:\/\/www.visiopharm.fr\/logiciel-pharmacie\/#organization\",\"name\":\"VisioPharm\",\"url\":\"https:\/\/www.visiopharm.fr\/logiciel-pharmacie\/\",\"logo\":{\"@type\":\"ImageObject\",\"inLanguage\":\"fr-FR\",\"@id\":\"https:\/\/www.visiopharm.fr\/logiciel-pharmacie\/#\/schema\/logo\/image\/\",\"url\":\"https:\/\/www.visiopharm.fr\/logiciel-pharmacie\/wp-content\/uploads\/2017\/06\/logo.png\",\"contentUrl\":\"https:\/\/www.visiopharm.fr\/logiciel-pharmacie\/wp-content\/uploads\/2017\/06\/logo.png\",\"width\":1828,\"height\":709,\"caption\":\"VisioPharm\"},\"image\":{\"@id\":\"https:\/\/www.visiopharm.fr\/logiciel-pharmacie\/#\/schema\/logo\/image\/\"},\"sameAs\":[\"https:\/\/www.facebook.com\/VisioPharm-282872765161490\/\",\"https:\/\/www.youtube.com\/channel\/UC9yxG0EZvJSI0wKyfhA1Zhw\"]}]}<\/script>\n<!-- \/ Yoast SEO plugin. -->","yoast_head_json":{"title":"FAQ | Visiopharm","description":"Vous recherchez une information ? Les questions les plus fr\u00e9quemment pos\u00e9es sont recens\u00e9es dans notre FAQ.","robots":{"index":"index","follow":"follow","max-snippet":"max-snippet:-1","max-image-preview":"max-image-preview:large","max-video-preview":"max-video-preview:-1"},"canonical":"https:\/\/www.visiopharm.fr\/logiciel-pharmacie\/faq\/","og_locale":"fr_FR","og_type":"article","og_title":"FAQ | Visiopharm","og_description":"Vous recherchez une information ? Les questions les plus fr\u00e9quemment pos\u00e9es sont recens\u00e9es dans notre FAQ.","og_url":"https:\/\/www.visiopharm.fr\/logiciel-pharmacie\/faq\/","og_site_name":"Visiopharm","article_publisher":"https:\/\/www.facebook.com\/VisioPharm-282872765161490\/","article_modified_time":"2023-06-20T15:39:52+00:00","og_image":[{"url":"http:\/\/www.visiopharm.fr\/logiciel-pharmacie\/wp-content\/uploads\/2023\/06\/contact-bg.png","type":"","width":"","height":""}],"twitter_card":"summary_large_image","twitter_misc":{"Dur\u00e9e de lecture estim\u00e9e":"1 minute"},"schema":{"@context":"https:\/\/schema.org","@graph":[{"@type":"WebPage","@id":"https:\/\/www.visiopharm.fr\/logiciel-pharmacie\/faq\/","url":"https:\/\/www.visiopharm.fr\/logiciel-pharmacie\/faq\/","name":"FAQ | Visiopharm","isPartOf":{"@id":"https:\/\/www.visiopharm.fr\/logiciel-pharmacie\/#website"},"primaryImageOfPage":{"@id":"https:\/\/www.visiopharm.fr\/logiciel-pharmacie\/faq\/#primaryimage"},"image":{"@id":"https:\/\/www.visiopharm.fr\/logiciel-pharmacie\/faq\/#primaryimage"},"thumbnailUrl":"http:\/\/www.visiopharm.fr\/logiciel-pharmacie\/wp-content\/uploads\/2023\/06\/contact-bg.png","datePublished":"2023-06-02T13:01:35+00:00","dateModified":"2023-06-20T15:39:52+00:00","description":"Vous recherchez une information ? Les questions les plus fr\u00e9quemment pos\u00e9es sont recens\u00e9es dans notre FAQ.","breadcrumb":{"@id":"https:\/\/www.visiopharm.fr\/logiciel-pharmacie\/faq\/#breadcrumb"},"inLanguage":"fr-FR","potentialAction":[{"@type":"ReadAction","target":["https:\/\/www.visiopharm.fr\/logiciel-pharmacie\/faq\/"]}]},{"@type":"ImageObject","inLanguage":"fr-FR","@id":"https:\/\/www.visiopharm.fr\/logiciel-pharmacie\/faq\/#primaryimage","url":"http:\/\/www.visiopharm.fr\/logiciel-pharmacie\/wp-content\/uploads\/2023\/06\/contact-bg.png","contentUrl":"http:\/\/www.visiopharm.fr\/logiciel-pharmacie\/wp-content\/uploads\/2023\/06\/contact-bg.png"},{"@type":"BreadcrumbList","@id":"https:\/\/www.visiopharm.fr\/logiciel-pharmacie\/faq\/#breadcrumb","itemListElement":[{"@type":"ListItem","position":1,"name":"Accueil","item":"https:\/\/www.visiopharm.fr\/logiciel-pharmacie\/"},{"@type":"ListItem","position":2,"name":"FAQ"}]},{"@type":"WebSite","@id":"https:\/\/www.visiopharm.fr\/logiciel-pharmacie\/#website","url":"https:\/\/www.visiopharm.fr\/logiciel-pharmacie\/","name":"Visiopharm","description":"La gestion de la pharmacie \u00e0 port\u00e9e de clic.","publisher":{"@id":"https:\/\/www.visiopharm.fr\/logiciel-pharmacie\/#organization"},"potentialAction":[{"@type":"SearchAction","target":{"@type":"EntryPoint","urlTemplate":"https:\/\/www.visiopharm.fr\/logiciel-pharmacie\/?s={search_term_string}"},"query-input":{"@type":"PropertyValueSpecification","valueRequired":true,"valueName":"search_term_string"}}],"inLanguage":"fr-FR"},{"@type":"Organization","@id":"https:\/\/www.visiopharm.fr\/logiciel-pharmacie\/#organization","name":"VisioPharm","url":"https:\/\/www.visiopharm.fr\/logiciel-pharmacie\/","logo":{"@type":"ImageObject","inLanguage":"fr-FR","@id":"https:\/\/www.visiopharm.fr\/logiciel-pharmacie\/#\/schema\/logo\/image\/","url":"https:\/\/www.visiopharm.fr\/logiciel-pharmacie\/wp-content\/uploads\/2017\/06\/logo.png","contentUrl":"https:\/\/www.visiopharm.fr\/logiciel-pharmacie\/wp-content\/uploads\/2017\/06\/logo.png","width":1828,"height":709,"caption":"VisioPharm"},"image":{"@id":"https:\/\/www.visiopharm.fr\/logiciel-pharmacie\/#\/schema\/logo\/image\/"},"sameAs":["https:\/\/www.facebook.com\/VisioPharm-282872765161490\/","https:\/\/www.youtube.com\/channel\/UC9yxG0EZvJSI0wKyfhA1Zhw"]}]}},"_links":{"self":[{"href":"https:\/\/www.visiopharm.fr\/logiciel-pharmacie\/wp-json\/wp\/v2\/pages\/603","targetHints":{"allow":["GET"]}}],"collection":[{"href":"https:\/\/www.visiopharm.fr\/logiciel-pharmacie\/wp-json\/wp\/v2\/pages"}],"about":[{"href":"https:\/\/www.visiopharm.fr\/logiciel-pharmacie\/wp-json\/wp\/v2\/types\/page"}],"author":[{"embeddable":true,"href":"https:\/\/www.visiopharm.fr\/logiciel-pharmacie\/wp-json\/wp\/v2\/users\/2"}],"replies":[{"embeddable":true,"href":"https:\/\/www.visiopharm.fr\/logiciel-pharmacie\/wp-json\/wp\/v2\/comments?post=603"}],"version-history":[{"count":3,"href":"https:\/\/www.visiopharm.fr\/logiciel-pharmacie\/wp-json\/wp\/v2\/pages\/603\/revisions"}],"predecessor-version":[{"id":1813,"href":"https:\/\/www.visiopharm.fr\/logiciel-pharmacie\/wp-json\/wp\/v2\/pages\/603\/revisions\/1813"}],"wp:attachment":[{"href":"https:\/\/www.visiopharm.fr\/logiciel-pharmacie\/wp-json\/wp\/v2\/media?parent=603"}],"curies":[{"name":"wp","href":"https:\/\/api.w.org\/{rel}","templated":true}]}}